{"id":682,"date":"2023-03-16T11:12:06","date_gmt":"2023-03-16T11:12:06","guid":{"rendered":"https:\/\/bartholomaeusturm.de\/?page_id=682"},"modified":"2023-03-22T08:03:26","modified_gmt":"2023-03-22T08:03:26","slug":"wann-laeutet-es-im-bartholomaeusturm","status":"publish","type":"page","link":"https:\/\/bartholomaeusturm.de\/?page_id=682","title":{"rendered":"L\u00e4uteordnung"},"content":{"rendered":"\n<p>L\u00e4uteordnung und L\u00e4rmschutz<\/p>\n\n\n\n<p>Wann l\u00e4uten die Glocken im Bartholom\u00e4usturm?<\/p>\n\n\n\n<p>10 Uhr beginnt der Stundenschlag mit vier Glockenschl\u00e4gen f\u00fcr die volle Stunde und 10 Schl\u00e4gen f\u00fcr 10 Uhr, fortlaufend f\u00fcr jede volle Stunde. Abends 20 Uhr erklingen vier Schl\u00e4ge f\u00fcr die volle Stunde, gefolgt von acht Schl\u00e4gen f\u00fcr 8 (20) Uhr.<br>Die Viertel-, Halbe- und Dreiviertel-Stunden werden zwischen 10:15 Uhr und 19:45 Uhr angeschlagen (ein, zwei bzw. drei Glockenschl\u00e4ge). <br>Zwischen 20 Uhr und 10 Uhr ist &#8222;Nachtruhe&#8220;, Stunden-, Halbstunden- und Viertelstundenschlag sind abgeschaltet.<br>Dreimal t\u00e4glich (10 , 12 , 18 Uhr) erklingt das Carillon jeweils nach dem Stundenschlag mit kurzen Melodien, die monatlich wechseln (max. 2 MInuten).<\/p>\n\n\n\n<p>Jeden letzten Samstag im Monat (M\u00e4rz bis Oktober) ab 16 Uhr wird das Carillon live konzertant gespielt von Glockenspielern und Glockenspielerinnen aus dem In- und Ausland. <a href=\"https:\/\/bartholomaeusturm.de\/?page_id=146\">Termine finden Sie hier.<\/a><\/p>\n\n\n\n<p><strong>Gut zu wissen: <\/strong>Das Erfurter Carillon h\u00e4lt die Richtlinien des Gesetzes zum Schutz vor sch\u00e4dlichen Umwelteinwirkungen durch Luftverunreinigungen, Ger\u00e4usche, Ersch\u00fctterungen und \u00e4hnliche Vorg\u00e4nge (Bundes-Immissionsschutzgesetz \u2013 BImSchG) ein. <\/p>\n\n\n\n<p>Dies wurde durch eine Schallpegelmessung des Umwelt- und Naturschutzamtes der Landeshauptstadt Erfurt, Abteilung Immissionsschutz \/ Chemikalienrecht, vom 26.06.2019 best\u00e4tigt.<\/p>\n\n\n\n<p><strong> Messung vom 26.06.2019<\/strong><\/p>\n\n\n\n<p>Einzuhaltender Immissionsrichtwert:<br>Entsprechend dem B-Plan EFM 073 betr\u00e4gt der Immissionsrichtwert f\u00fcr Immissionsorte au\u00dferhalb von Geb\u00e4uden im Kerngebiet tags von 06:00 \u2013 22:00 Uhr 60 dB(A).<br>Einzelne kurzzeitige Ger\u00e4uschspitzen d\u00fcrfen den Immissionsrichtwert am Tag um nicht mehr als 30 dB(A) \u00fcberschreiten.<br><\/p>\n\n\n\n<p>Immissionsmessung:<br>An der Messposition wurden in 1,5 m \u00fcber Oberkante Dachterrasse in ca. 43 m von der nordwestlichen Schall\u00f6ffnung der Glockenstube folgende Schalldruckpegel gemessen (siehe Tabelle).<br>Die gemessenen Pegel wurden durch das Glockenspiel (Automatik bzw. Stundenschlag) bestimmt.<br>Fremdger\u00e4usche mussten nicht ausgeblendet werden.<\/p>\n\n\n\n<figure class=\"wp-block-table\"><table><thead><tr><th>Messreihe<\/th><th>Messzeitraum<\/th><th>effektive Messzeit [mm:ss]<\/th><th>LAeq [dB(A)]<\/th><th>LAFTm5 [dB(A)]<\/th><th>LAFmax [dB(A)]<\/th><\/tr><\/thead><tbody><tr><td>1<\/td><td>10:00 \u2013 11:00<\/td><td>00:38<\/td><td>65,9<\/td><td>68,7<\/td><td>77,8<\/td><\/tr><\/tbody><\/table><\/figure>\n\n\n\n<p>Beurteilungspegel:<br>Aus den gemessenen Schalldruckpegeln und der Einwirkzeit sowie evtl. Zu- bzw. Abschl\u00e4gen wird der Beurteilungspegel entsprechend den Vorgaben der TA-L\u00e4rm ermittelt. Der ermittelte Beurteilungspegel wird dann mit dem einzuhaltenden Immissionsrichtwert verglichen. Als Einwirkzeit wird hier eine angenommene Spielzeit des Glockenspiels von 8 x 2 Minuten = 16 Minuten ber\u00fccksichtigt.<br>Bei Auswertung der Messung ergibt sich an der Messposition f\u00fcr die Tagzeit ein Beurteilungspegel von gerundet<br>Lr = 51 dB(A). Hierin ist ein Messabschlag von 3 dB entsprechend Punkt 6.9, TA-L\u00e4rm nicht enthalten.<br>Auch wenn an einem Tag zus\u00e4tzlich ein einst\u00fcndiges Konzert (Gesamteinwirkzeit dann 76 min) zwischen 06:00 Uhr und 22:00 Uhr stattfindet, ergibt sich eine Einhaltung des Immissionsrichtwertes.<br>Die Anforderungen an einzelne kurzzeitige Ger\u00e4uschspitzen werden ebenfalls mit Sicherheit eingehalten.<\/p>\n\n\n\n<p>Zusammenfassung:<br>[Es ist] &#8230; von einer Einhaltung der \u00f6ffentlich-rechtlichen Anforderungen an den Schallimmissionsschutz auszugehen.<\/p>\n\n\n\n<p><\/p>\n\n\n\n<p><\/p>\n\n\n\n<p><\/p>\n","protected":false},"excerpt":{"rendered":"<p>L\u00e4uteordnung und L\u00e4rmschutz Wann l\u00e4uten die Glocken im Bartholom\u00e4usturm? 10 Uhr beginnt der Stundenschlag mit vier Glockenschl\u00e4gen f\u00fcr die volle Stunde und 10 Schl\u00e4gen f\u00fcr 10 Uhr, fortlaufend f\u00fcr jede volle Stunde. Abends 20 Uhr erklingen vier Schl\u00e4ge f\u00fcr die volle Stunde, gefolgt von acht Schl\u00e4gen f\u00fcr 8 (20) Uhr.Die Viertel-, Halbe- und Dreiviertel-Stunden werden &hellip; <\/p>\n<p class=\"link-more\"><a href=\"https:\/\/bartholomaeusturm.de\/?page_id=682\" class=\"more-link\"><span class=\"screen-reader-text\">\u201eL\u00e4uteordnung\u201c <\/span>weiterlesen<\/a><\/p>\n","protected":false},"author":1,"featured_media":0,"parent":0,"menu_order":0,"comment_status":"closed","ping_status":"closed","template":"","meta":{"ngg_post_thumbnail":0,"footnotes":""},"class_list":["post-682","page","type-page","status-publish","hentry"],"_links":{"self":[{"href":"https:\/\/bartholomaeusturm.de\/index.php?rest_route=\/wp\/v2\/pages\/682","targetHints":{"allow":["GET"]}}],"collection":[{"href":"https:\/\/bartholomaeusturm.de\/index.php?rest_route=\/wp\/v2\/pages"}],"about":[{"href":"https:\/\/bartholomaeusturm.de\/index.php?rest_route=\/wp\/v2\/types\/page"}],"author":[{"embeddable":true,"href":"https:\/\/bartholomaeusturm.de\/index.php?rest_route=\/wp\/v2\/users\/1"}],"replies":[{"embeddable":true,"href":"https:\/\/bartholomaeusturm.de\/index.php?rest_route=%2Fwp%2Fv2%2Fcomments&post=682"}],"version-history":[{"count":25,"href":"https:\/\/bartholomaeusturm.de\/index.php?rest_route=\/wp\/v2\/pages\/682\/revisions"}],"predecessor-version":[{"id":716,"href":"https:\/\/bartholomaeusturm.de\/index.php?rest_route=\/wp\/v2\/pages\/682\/revisions\/716"}],"wp:attachment":[{"href":"https:\/\/bartholomaeusturm.de\/index.php?rest_route=%2Fwp%2Fv2%2Fmedia&parent=682"}],"curies":[{"name":"wp","href":"https:\/\/api.w.org\/{rel}","templated":true}]}}

Läuteordnung

<p>Läuteordnung und Lärmschutz</p>



<p>Wann läuten die Glocken im Bartholomäusturm?</p>



<p>10 Uhr beginnt der Stundenschlag mit vier Glockenschlägen für die volle Stunde und 10 Schlägen für 10 Uhr, fortlaufend für jede volle Stunde. Abends 20 Uhr erklingen vier Schläge für die volle Stunde, gefolgt von acht Schlägen für 8 (20) Uhr.<br>Die Viertel-, Halbe- und Dreiviertel-Stunden werden zwischen 10:15 Uhr und 19:45 Uhr angeschlagen (ein, zwei bzw. drei Glockenschläge). <br>Zwischen 20 Uhr und 10 Uhr ist &#8222;Nachtruhe&#8220;, Stunden-, Halbstunden- und Viertelstundenschlag sind abgeschaltet.<br>Dreimal täglich (10 , 12 , 18 Uhr) erklingt das Carillon jeweils nach dem Stundenschlag mit kurzen Melodien, die monatlich wechseln (max. 2 MInuten).</p>



<p>Jeden letzten Samstag im Monat (März bis Oktober) ab 16 Uhr wird das Carillon live konzertant gespielt von Glockenspielern und Glockenspielerinnen aus dem In- und Ausland. <a href="https://bartholomaeusturm.de/?page_id=146">Termine finden Sie hier.</a></p>



<p><strong>Gut zu wissen: </strong>Das Erfurter Carillon hält die Richtlinien des Gesetzes zum Schutz vor schädlichen Umwelteinwirkungen durch Luftverunreinigungen, Geräusche, Erschütterungen und ähnliche Vorgänge (Bundes-Immissionsschutzgesetz – BImSchG) ein. </p>



<p>Dies wurde durch eine Schallpegelmessung des Umwelt- und Naturschutzamtes der Landeshauptstadt Erfurt, Abteilung Immissionsschutz / Chemikalienrecht, vom 26.06.2019 bestätigt.</p>



<p><strong> Messung vom 26.06.2019</strong></p>



<p>Einzuhaltender Immissionsrichtwert:<br>Entsprechend dem B-Plan EFM 073 beträgt der Immissionsrichtwert für Immissionsorte außerhalb von Gebäuden im Kerngebiet tags von 06:00 – 22:00 Uhr 60 dB(A).<br>Einzelne kurzzeitige Geräuschspitzen dürfen den Immissionsrichtwert am Tag um nicht mehr als 30 dB(A) überschreiten.<br></p>



<p>Immissionsmessung:<br>An der Messposition wurden in 1,5 m über Oberkante Dachterrasse in ca. 43 m von der nordwestlichen Schallöffnung der Glockenstube folgende Schalldruckpegel gemessen (siehe Tabelle).<br>Die gemessenen Pegel wurden durch das Glockenspiel (Automatik bzw. Stundenschlag) bestimmt.<br>Fremdgeräusche mussten nicht ausgeblendet werden.</p>



<figure class="wp-block-table"><table><thead><tr><th>Messreihe</th><th>Messzeitraum</th><th>effektive Messzeit [mm:ss]</th><th>LAeq [dB(A)]</th><th>LAFTm5 [dB(A)]</th><th>LAFmax [dB(A)]</th></tr></thead><tbody><tr><td>1</td><td>10:00 – 11:00</td><td>00:38</td><td>65,9</td><td>68,7</td><td>77,8</td></tr></tbody></table></figure>



<p>Beurteilungspegel:<br>Aus den gemessenen Schalldruckpegeln und der Einwirkzeit sowie evtl. Zu- bzw. Abschlägen wird der Beurteilungspegel entsprechend den Vorgaben der TA-Lärm ermittelt. Der ermittelte Beurteilungspegel wird dann mit dem einzuhaltenden Immissionsrichtwert verglichen. Als Einwirkzeit wird hier eine angenommene Spielzeit des Glockenspiels von 8 x 2 Minuten = 16 Minuten berücksichtigt.<br>Bei Auswertung der Messung ergibt sich an der Messposition für die Tagzeit ein Beurteilungspegel von gerundet<br>Lr = 51 dB(A). Hierin ist ein Messabschlag von 3 dB entsprechend Punkt 6.9, TA-Lärm nicht enthalten.<br>Auch wenn an einem Tag zusätzlich ein einstündiges Konzert (Gesamteinwirkzeit dann 76 min) zwischen 06:00 Uhr und 22:00 Uhr stattfindet, ergibt sich eine Einhaltung des Immissionsrichtwertes.<br>Die Anforderungen an einzelne kurzzeitige Geräuschspitzen werden ebenfalls mit Sicherheit eingehalten.</p>



<p>Zusammenfassung:<br>[Es ist] &#8230; von einer Einhaltung der öffentlich-rechtlichen Anforderungen an den Schallimmissionsschutz auszugehen.</p>



<p></p>



<p></p>



<p></p>

<p>Läuteordnung und Lärmschutz Wann läuten die Glocken im Bartholomäusturm? 10 Uhr beginnt der Stundenschlag mit vier Glockenschlägen für die volle Stunde und 10 Schlägen für 10 Uhr, fortlaufend für jede volle Stunde. Abends 20 Uhr erklingen vier Schläge für die volle Stunde, gefolgt von acht Schlägen für 8 (20) Uhr.Die Viertel-, Halbe- und Dreiviertel-Stunden werden &hellip; </p>
<p class="link-more"><a href="https://bartholomaeusturm.de/?page_id=682" class="more-link"><span class="screen-reader-text">„Läuteordnung“ </span>weiterlesen</a></p>
