{"id":163,"date":"2019-12-16T10:25:50","date_gmt":"2019-12-16T10:25:50","guid":{"rendered":"http:\/\/bartholomaeusturm.de\/?page_id=163"},"modified":"2019-12-16T15:49:10","modified_gmt":"2019-12-16T15:49:10","slug":"histoire","status":"publish","type":"page","link":"https:\/\/bartholomaeusturm.de\/?page_id=163","title":{"rendered":"histoire"},"content":{"rendered":"<p>La tour de l\u2019\u00e9glise \u00e0 l\u2018 \u201cAnger\u201c d\u2019Erfurt appartenait \u00e0 l\u2019une des plus anciennes \u00e9glises paroissiales : l\u2019\u00e9glise de Bartholom\u00e9. De ce temps, elle \u00e9tait aussi l\u2019\u00e9glise de la cour du comte \u00ab von Gleichen \u00bb. La premi\u00e8re mention de cette \u00e9glise apparait d\u00e8s 1182. La construction de la tour, telle qu\u2019on peut la voir aujourd\u2019hui, a commenc\u00e9 en 1412, comme indiqu\u00e9 au dessus de la fen\u00eatre du rez-de-chauss\u00e9e (voir l\u2019image en dessous).<br \/>\nLes travaux de construction ont \u00e9t\u00e9 achev\u00e9s en 1468 comme mentionn\u00e9 sur le cloch\u00e9.<br \/>\nL\u2019\u00e9glise \u00e9tait jusqu\u2019au milieu du 16e si\u00e8cle environ une \u00e9glise paroissiale richement d\u00e9cor\u00e9e. Apr\u00e8s la R\u00e9forme, elle a \u00e9t\u00e9 attribu\u00e9e \u00e0 l\u2019\u00e9glise de la paroisse de Barf\u00fc\u00dfer qui pourtant en faisait un usage restreint. La nef tombait en ruine si bien qu\u2019elle a d\u00fb \u00eatre ferm\u00e9e en 1570 en raison de son d\u00e9labrement. Depuis, la paroisse de Barf\u00fc\u00dfer utilise la tour de l\u2019\u00e9glise de Bartholom\u00e9, pour faire retentir les cloches.<\/p>\n<p>Des visites guid\u00e9es sont possibles sur rendez-vous (en allemand ou en anglais). S&#8217;il vous pla\u00eet contactez-moi.<\/p>\n<figure id=\"attachment_75\" aria-describedby=\"caption-attachment-75\" style=\"width: 525px\" class=\"wp-caption alignleft\"><img loading=\"lazy\" decoding=\"async\" class=\"size-large wp-image-75\" src=\"https:\/\/bartholomaeusturm.de\/wp-content\/uploads\/2019\/12\/WS10579a-1024x534.jpg\" alt=\"\" width=\"525\" height=\"274\" srcset=\"https:\/\/bartholomaeusturm.de\/wp-content\/uploads\/2019\/12\/WS10579a-1024x534.jpg 1024w, https:\/\/bartholomaeusturm.de\/wp-content\/uploads\/2019\/12\/WS10579a-300x156.jpg 300w, https:\/\/bartholomaeusturm.de\/wp-content\/uploads\/2019\/12\/WS10579a-768x400.jpg 768w, https:\/\/bartholomaeusturm.de\/wp-content\/uploads\/2019\/12\/WS10579a-1536x800.jpg 1536w, https:\/\/bartholomaeusturm.de\/wp-content\/uploads\/2019\/12\/WS10579a-2048x1067.jpg 2048w, https:\/\/bartholomaeusturm.de\/wp-content\/uploads\/2019\/12\/WS10579a-1568x817.jpg 1568w\" sizes=\"auto, (max-width: 525px) 100vw, 525px\" \/><figcaption id=\"caption-attachment-75\" class=\"wp-caption-text\"><span class=\"tlid-translation translation\" lang=\"fr\"><span class=\"\" title=\"\">Zone d&#8217;\u00e9criture au-dessus de la fen\u00eatre du rez-de-chauss\u00e9e du Bartholom\u00e4usturm, Anger 52, Erfurt:<\/span><\/span><br \/>Anno Domini MCCCCXII feria sexta proxima post festum ascenionis domini incepta est hec structura hujus turris<br \/><span class=\"tlid-translation translation\" lang=\"fr\"><span class=\"\" title=\"\">La construction de notre tour a commenc\u00e9 en l&#8217;an 1412 samedi apr\u00e8s l&#8217;ascension du Seigneur<\/span><\/span><\/figcaption><\/figure>\n<p>&nbsp;<\/p>\n<p>&nbsp;<\/p>\n<p>&nbsp;<\/p>\n","protected":false},"excerpt":{"rendered":"<p>La tour de l\u2019\u00e9glise \u00e0 l\u2018 \u201cAnger\u201c d\u2019Erfurt appartenait \u00e0 l\u2019une des plus anciennes \u00e9glises paroissiales : l\u2019\u00e9glise de Bartholom\u00e9. De ce temps, elle \u00e9tait aussi l\u2019\u00e9glise de la cour du comte \u00ab von Gleichen \u00bb. La premi\u00e8re mention de cette \u00e9glise apparait d\u00e8s 1182. La construction de la tour, telle qu\u2019on peut la voir &hellip; <\/p>\n<p class=\"link-more\"><a href=\"https:\/\/bartholomaeusturm.de\/?page_id=163\" class=\"more-link\"><span class=\"screen-reader-text\">\u201ehistoire\u201c <\/span>weiterlesen<\/a><\/p>\n","protected":false},"author":1,"featured_media":0,"parent":0,"menu_order":0,"comment_status":"closed","ping_status":"closed","template":"","meta":{"ngg_post_thumbnail":0,"footnotes":""},"class_list":["post-163","page","type-page","status-publish","hentry"],"_links":{"self":[{"href":"https:\/\/bartholomaeusturm.de\/index.php?rest_route=\/wp\/v2\/pages\/163","targetHints":{"allow":["GET"]}}],"collection":[{"href":"https:\/\/bartholomaeusturm.de\/index.php?rest_route=\/wp\/v2\/pages"}],"about":[{"href":"https:\/\/bartholomaeusturm.de\/index.php?rest_route=\/wp\/v2\/types\/page"}],"author":[{"embeddable":true,"href":"https:\/\/bartholomaeusturm.de\/index.php?rest_route=\/wp\/v2\/users\/1"}],"replies":[{"embeddable":true,"href":"https:\/\/bartholomaeusturm.de\/index.php?rest_route=%2Fwp%2Fv2%2Fcomments&post=163"}],"version-history":[{"count":3,"href":"https:\/\/bartholomaeusturm.de\/index.php?rest_route=\/wp\/v2\/pages\/163\/revisions"}],"predecessor-version":[{"id":221,"href":"https:\/\/bartholomaeusturm.de\/index.php?rest_route=\/wp\/v2\/pages\/163\/revisions\/221"}],"wp:attachment":[{"href":"https:\/\/bartholomaeusturm.de\/index.php?rest_route=%2Fwp%2Fv2%2Fmedia&parent=163"}],"curies":[{"name":"wp","href":"https:\/\/api.w.org\/{rel}","templated":true}]}}

<p>La tour de l’église à l‘ “Anger“ d’Erfurt appartenait à l’une des plus anciennes églises paroissiales : l’église de Bartholomé. De ce temps, elle était aussi l’église de la cour du comte « von Gleichen ». La première mention de cette église apparait dès 1182. La construction de la tour, telle qu’on peut la voir aujourd’hui, a commencé en 1412, comme indiqué au dessus de la fenêtre du rez-de-chaussée (voir l’image en dessous).<br />
Les travaux de construction ont été achevés en 1468 comme mentionné sur le cloché.<br />
L’église était jusqu’au milieu du 16e siècle environ une église paroissiale richement décorée. Après la Réforme, elle a été attribuée à l’église de la paroisse de Barfüßer qui pourtant en faisait un usage restreint. La nef tombait en ruine si bien qu’elle a dû être fermée en 1570 en raison de son délabrement. Depuis, la paroisse de Barfüßer utilise la tour de l’église de Bartholomé, pour faire retentir les cloches.</p>
<p>Des visites guidées sont possibles sur rendez-vous (en allemand ou en anglais). S&#8217;il vous plaît contactez-moi.</p>
<figure id="attachment_75" aria-describedby="caption-attachment-75" style="width: 525px" class="wp-caption alignleft"><img loading="lazy" decoding="async" class="size-large wp-image-75" src="https://bartholomaeusturm.de/wp-content/uploads/2019/12/WS10579a-1024x534.jpg" alt="" width="525" height="274" srcset="https://bartholomaeusturm.de/wp-content/uploads/2019/12/WS10579a-1024x534.jpg 1024w, https://bartholomaeusturm.de/wp-content/uploads/2019/12/WS10579a-300x156.jpg 300w, https://bartholomaeusturm.de/wp-content/uploads/2019/12/WS10579a-768x400.jpg 768w, https://bartholomaeusturm.de/wp-content/uploads/2019/12/WS10579a-1536x800.jpg 1536w, https://bartholomaeusturm.de/wp-content/uploads/2019/12/WS10579a-2048x1067.jpg 2048w, https://bartholomaeusturm.de/wp-content/uploads/2019/12/WS10579a-1568x817.jpg 1568w" sizes="auto, (max-width: 525px) 100vw, 525px" /><figcaption id="caption-attachment-75" class="wp-caption-text"><span class="tlid-translation translation" lang="fr"><span class="" title="">Zone d&#8217;écriture au-dessus de la fenêtre du rez-de-chaussée du Bartholomäusturm, Anger 52, Erfurt:</span></span><br />Anno Domini MCCCCXII feria sexta proxima post festum ascenionis domini incepta est hec structura hujus turris<br /><span class="tlid-translation translation" lang="fr"><span class="" title="">La construction de notre tour a commencé en l&#8217;an 1412 samedi après l&#8217;ascension du Seigneur</span></span></figcaption></figure>
<p>&nbsp;</p>
<p>&nbsp;</p>
<p>&nbsp;</p>

<p>La tour de l’église à l‘ “Anger“ d’Erfurt appartenait à l’une des plus anciennes églises paroissiales : l’église de Bartholomé. De ce temps, elle était aussi l’église de la cour du comte « von Gleichen ». La première mention de cette église apparait dès 1182. La construction de la tour, telle qu’on peut la voir &hellip; </p>
<p class="link-more"><a href="https://bartholomaeusturm.de/?page_id=163" class="more-link"><span class="screen-reader-text">„histoire“ </span>weiterlesen</a></p>
